{"id":649,"date":"2023-05-11T13:46:24","date_gmt":"2023-05-11T11:46:24","guid":{"rendered":"https:\/\/trinfortrin.samfundslitteratur.dk\/?page_id=649"},"modified":"2024-01-09T14:21:08","modified_gmt":"2024-01-09T13:21:08","slug":"kapitel-2-hvad-er-mobiletnografi","status":"publish","type":"page","link":"https:\/\/trinfortrin.samfundslitteratur.dk\/?page_id=649","title":{"rendered":"Kapitel 2 &#8211; Hvad er mobiletnografi?"},"content":{"rendered":"\n<h4 class=\"wp-block-heading\">Gratis version af kapitlet &#8220;Hvad er mobiletnografi, og hvorn\u00e5r skal du bruge metoden?&#8221;<\/h4>\n\n\n\n<hr class=\"wp-block-separator has-css-opacity is-style-dots\"\/>\n\n\n\n<p>L\u00e6s i gratisversionen ved at klikke p\u00e5 linket nedenfor<\/p>\n\n\n\n<div class=\"wp-block-buttons is-layout-flex wp-block-buttons-is-layout-flex\">\n<div class=\"wp-block-button\"><a class=\"wp-block-button__link wp-element-button\" href=\"https:\/\/wildside.ipapercms.dk\/SLFonden\/SLforlagene\/Samfundslitteratur\/Titler\/gratis-laeseproeve-detaljerig-mobiletnografi\/\" target=\"_blank\" rel=\"noreferrer noopener\">L\u00e6s kapitlet her<\/a><\/div>\n<\/div>\n","protected":false},"excerpt":{"rendered":"<p>Gratis version af kapitlet &#8220;Hvad er mobiletnografi, og hvorn\u00e5r skal du bruge metoden?&#8221; L\u00e6s i gratisversionen ved at klikke p\u00e5 linket nedenfor<\/p>\n","protected":false},"author":6,"featured_media":0,"parent":642,"menu_order":1,"comment_status":"closed","ping_status":"closed","template":"","meta":{"footnotes":""},"class_list":["post-649","page","type-page","status-publish","hentry"],"_links":{"self":[{"href":"https:\/\/trinfortrin.samfundslitteratur.dk\/index.php?rest_route=\/wp\/v2\/pages\/649","targetHints":{"allow":["GET"]}}],"collection":[{"href":"https:\/\/trinfortrin.samfundslitteratur.dk\/index.php?rest_route=\/wp\/v2\/pages"}],"about":[{"href":"https:\/\/trinfortrin.samfundslitteratur.dk\/index.php?rest_route=\/wp\/v2\/types\/page"}],"author":[{"embeddable":true,"href":"https:\/\/trinfortrin.samfundslitteratur.dk\/index.php?rest_route=\/wp\/v2\/users\/6"}],"replies":[{"embeddable":true,"href":"https:\/\/trinfortrin.samfundslitteratur.dk\/index.php?rest_route=%2Fwp%2Fv2%2Fcomments&post=649"}],"version-history":[{"count":4,"href":"https:\/\/trinfortrin.samfundslitteratur.dk\/index.php?rest_route=\/wp\/v2\/pages\/649\/revisions"}],"predecessor-version":[{"id":766,"href":"https:\/\/trinfortrin.samfundslitteratur.dk\/index.php?rest_route=\/wp\/v2\/pages\/649\/revisions\/766"}],"up":[{"embeddable":true,"href":"https:\/\/trinfortrin.samfundslitteratur.dk\/index.php?rest_route=\/wp\/v2\/pages\/642"}],"wp:attachment":[{"href":"https:\/\/trinfortrin.samfundslitteratur.dk\/index.php?rest_route=%2Fwp%2Fv2%2Fmedia&parent=649"}],"curies":[{"name":"wp","href":"https:\/\/api.w.org\/{rel}","templated":true}]}}