{"id":24,"date":"2021-03-29T09:35:11","date_gmt":"2021-03-29T07:35:11","guid":{"rendered":"https:\/\/trinfortrin.samfundslitteratur.dk\/?page_id=24"},"modified":"2022-02-02T13:36:40","modified_gmt":"2022-02-02T12:36:40","slug":"valide-personaer","status":"publish","type":"page","link":"https:\/\/trinfortrin.samfundslitteratur.dk\/?page_id=24","title":{"rendered":"Personaer"},"content":{"rendered":"\n<p>Den stort anlagte kampagne har ikke den gennemslagskraft, organisationen havde h\u00e5bet p\u00e5. Opslagene p\u00e5 sociale medier f\u00e5r ikke nok likes, og de planlagte events flopper p\u00e5 grund af for f\u00e5 deltagere. Det er rigtig \u00e6rgerligt! Ikke mindst, fordi du kunne have undg\u00e5et situationen, hvis du havde haft en bedre forst\u00e5else for kampagnens m\u00e5lgruppe.<\/p>\n\n\n\n<p>Det kunne du have f\u00e5et ved hj\u00e6lp af personametoden. N\u00e5r du laver personaer, bruger du empirisk viden om en m\u00e5lgruppe til at fremstille nuancerede portr\u00e6tter af fiktive mennesker. Personaer formidler kompleks viden om m\u00e5lgruppen p\u00e5 en m\u00e5de, der er overskuelig og g\u00f8r det let at leve sig ind i de mennesker, det handler om.<\/p>\n\n\n\n<p>Denne bog guider dig igennem den proces, det er at lave personaer fra start til slut.<\/p>\n\n\n\n<p>Bogen er beregnet til at blive brugt af dig, der ogs\u00e5 har travlt med alt mulig andet, og derfor er den kortfattet og g\u00e5r lige til sagen. Den trinvise tilgang til personametoden og de mange eksempler, forklaringer og illustrationer hj\u00e6lper dig godt i gang.<\/p>\n\n\n\n<p>Du kan l\u00e6se bogen i dag og tage hul p\u00e5 dit personaprojekt i morgen.<\/p>\n\n\n\n<div class=\"wp-block-buttons is-horizontal is-content-justification-center is-layout-flex wp-container-core-buttons-is-layout-499968f5 wp-block-buttons-is-layout-flex\">\n<div class=\"wp-block-button\"><a class=\"wp-block-button__link has-text-color has-background\" href=\"https:\/\/samfundslitteratur.dk\/bog\/valide-personaer-trin-trin\" style=\"border-radius:2px;background-color:#88a9ab;color:#fffffa\">K\u00f8b bogen her<\/a><\/div>\n\n\n\n<div class=\"wp-block-button is-style-outline is-style-outline--1\"><a class=\"wp-block-button__link has-text-color\" href=\"https:\/\/samfundslitteratur.dk\/\" style=\"border-radius:2px;color:#88a9ab\">Om Samfundslitteratur<\/a><\/div>\n<\/div>\n\n\n\n<hr class=\"wp-block-separator has-text-color has-background has-white-background-color has-white-color\"\/>\n\n\n\n<hr class=\"wp-block-separator is-style-wide\"\/>\n\n\n\n<div class=\"wp-block-buttons is-horizontal is-content-justification-center is-layout-flex wp-container-core-buttons-is-layout-499968f5 wp-block-buttons-is-layout-flex\">\n<div class=\"wp-block-button\"><a class=\"wp-block-button__link\" href=\"https:\/\/trinfortrin.samfundslitteratur.dk\/?page_id=98\">Kapitel 4<\/a><\/div>\n\n\n\n<div class=\"wp-block-button\"><a class=\"wp-block-button__link\" href=\"https:\/\/trinfortrin.samfundslitteratur.dk\/?page_id=100\">Kapitel 5<\/a><\/div>\n\n\n\n<div class=\"wp-block-button\"><a class=\"wp-block-button__link\" href=\"https:\/\/trinfortrin.samfundslitteratur.dk\/?page_id=102\">Kapitel 6<\/a><\/div>\n\n\n\n<div class=\"wp-block-button\"><a class=\"wp-block-button__link\" href=\"https:\/\/trinfortrin.samfundslitteratur.dk\/?page_id=104\">Kapitel 7<\/a><\/div>\n\n\n\n<div class=\"wp-block-button\"><a class=\"wp-block-button__link\" href=\"https:\/\/trinfortrin.samfundslitteratur.dk\/?page_id=106\">Kapitel 8<\/a><\/div>\n\n\n\n<div class=\"wp-block-button\"><a class=\"wp-block-button__link\" href=\"https:\/\/trinfortrin.samfundslitteratur.dk\/?page_id=108\">Kapitel 9<\/a><\/div>\n<\/div>\n\n\n\n<hr class=\"wp-block-separator is-style-wide\"\/>\n\n\n\n<h4 class=\"wp-block-heading\" id=\"om-forfatteren\">Om forfatteren<\/h4>\n\n\n\n<p>Charlotte Albrechtsen har arbejdet med personaer i det offentlige, det private og i foreninger. Hun er cand.mag. i litteraturhistorie og antropologi og ph.d. i virksomhedskommunikation.<\/p>\n\n\n\n<p>Til daglig er Charlotte Albrechtsen selvst\u00e6ndig analysekonsulent i virksomheden Tovejs. Sidel\u00f8bende hermed underviser hun i kvalitativ metode og unders\u00f8gelsesdesign ved Syddansk Universitet, og hun er serieredakt\u00f8r for trin for trin-serien.<\/p>\n\n\n\n<p>Charlotte Albrechtsen har tidligere udgivet b\u00f8ger om storytelling i organisationer, sp\u00f8rgeskemadesign og CV-skrivning. Desuden har hun udgivet langt over hundrede blogindl\u00e6g om brugerunders\u00f8gende metoder p\u00e5 Tovejs.dk\/blog.<\/p>\n","protected":false},"excerpt":{"rendered":"<p>Den stort anlagte kampagne har ikke den gennemslagskraft, organisationen havde h\u00e5bet p\u00e5. Opslagene p\u00e5 sociale medier f\u00e5r ikke nok likes, og de planlagte events flopper p\u00e5 grund af for f\u00e5 deltagere. Det er rigtig \u00e6rgerligt! Ikke mindst, fordi du kunne have undg\u00e5et situationen, hvis du havde haft en bedre forst\u00e5else for kampagnens m\u00e5lgruppe. Det kunne du have f\u00e5et ved hj\u00e6lp af personametoden. N\u00e5r du laver personaer, bruger du empirisk viden om en m\u00e5lgruppe til at fremstille nuancerede portr\u00e6tter af fiktive mennesker. Personaer formidler kompleks viden om m\u00e5lgruppen p\u00e5 en m\u00e5de, der er overskuelig og g\u00f8r det let at leve sig ind i de mennesker, det handler om. Denne bog guider dig igennem den proces, det er at lave personaer fra start til slut. Bogen er beregnet til at blive brugt af dig, der ogs\u00e5 har travlt med alt mulig andet, og derfor er den kortfattet og g\u00e5r lige til sagen. Den trinvise tilgang til personametoden og de mange eksempler, forklaringer og illustrationer hj\u00e6lper dig godt i gang. Du kan l\u00e6se bogen i dag og tage hul p\u00e5 dit personaprojekt i morgen. Om forfatteren Charlotte Albrechtsen har arbejdet med personaer i det offentlige, det private og i foreninger. Hun er cand.mag. i litteraturhistorie og antropologi og ph.d. i virksomhedskommunikation. Til daglig er Charlotte Albrechtsen selvst\u00e6ndig analysekonsulent i virksomheden Tovejs. Sidel\u00f8bende hermed underviser hun i kvalitativ metode og unders\u00f8gelsesdesign ved Syddansk Universitet, og hun er serieredakt\u00f8r for trin for trin-serien. Charlotte Albrechtsen har tidligere udgivet b\u00f8ger om storytelling i organisationer, sp\u00f8rgeskemadesign og CV-skrivning. Desuden har hun udgivet langt over hundrede blogindl\u00e6g om brugerunders\u00f8gende metoder p\u00e5 Tovejs.dk\/blog.<\/p>\n","protected":false},"author":6,"featured_media":575,"parent":0,"menu_order":0,"comment_status":"closed","ping_status":"closed","template":"","meta":{"footnotes":""},"class_list":["post-24","page","type-page","status-publish","has-post-thumbnail","hentry"],"_links":{"self":[{"href":"https:\/\/trinfortrin.samfundslitteratur.dk\/index.php?rest_route=\/wp\/v2\/pages\/24","targetHints":{"allow":["GET"]}}],"collection":[{"href":"https:\/\/trinfortrin.samfundslitteratur.dk\/index.php?rest_route=\/wp\/v2\/pages"}],"about":[{"href":"https:\/\/trinfortrin.samfundslitteratur.dk\/index.php?rest_route=\/wp\/v2\/types\/page"}],"author":[{"embeddable":true,"href":"https:\/\/trinfortrin.samfundslitteratur.dk\/index.php?rest_route=\/wp\/v2\/users\/6"}],"replies":[{"embeddable":true,"href":"https:\/\/trinfortrin.samfundslitteratur.dk\/index.php?rest_route=%2Fwp%2Fv2%2Fcomments&post=24"}],"version-history":[{"count":16,"href":"https:\/\/trinfortrin.samfundslitteratur.dk\/index.php?rest_route=\/wp\/v2\/pages\/24\/revisions"}],"predecessor-version":[{"id":579,"href":"https:\/\/trinfortrin.samfundslitteratur.dk\/index.php?rest_route=\/wp\/v2\/pages\/24\/revisions\/579"}],"wp:featuredmedia":[{"embeddable":true,"href":"https:\/\/trinfortrin.samfundslitteratur.dk\/index.php?rest_route=\/wp\/v2\/media\/575"}],"wp:attachment":[{"href":"https:\/\/trinfortrin.samfundslitteratur.dk\/index.php?rest_route=%2Fwp%2Fv2%2Fmedia&parent=24"}],"curies":[{"name":"wp","href":"https:\/\/api.w.org\/{rel}","templated":true}]}}